
Calculate the highest common factor of 852 and 550108.
284
What is the greatest common factor of 11470870 and 380?
190
Calculate the greatest common divisor of 48191 and 858.
143
What is the highest common divisor of 37084 and 7620?
508
What is the highest common divisor of 24 and 625152?
24
Calculate the greatest common factor of 18209 and 556.
139
What is the highest common divisor of 54428 and 220?
44
What is the highest common divisor of 289410 and 20?
10
What is the highest common factor of 584794 and 14?
14
Calculate the highest common factor of 90751 and 9015.
601
What is the highest common divisor of 24084 and 8?
4
Calculate the greatest common factor of 1350 and 24000.
150
What is the highest common factor of 664 and 22161?
83
What is the greatest common divisor of 579 and 20651?
193
What is the highest common factor of 2139 and 6727?
31
What is the greatest common factor of 951 and 9327?
3
Calculate the greatest common factor of 288 and 17936.
16
What is the highest common divisor of 171 and 7209?
9
Calculate the greatest common divisor of 116435 and 5.
5
Calculate the greatest common factor of 4561 and 1.
1
Calculate the greatest common factor of 472998 and 372.
186
What is the highest common factor of 341136 and 46?
46
What is the greatest common factor of 247 and 661219?
247
Calculate the highest common factor of 54 and 27954.
18
What is the highest common divisor of 1504 and 363404?
188
What is the highest common factor of 38 and 19361?
19
Calculate the greatest common factor of 1153926 and 243.
81
Calculate the highest common factor of 68303 and 2454.
409
Calculate the greatest common divisor of 62243 and 51095.
929
What is the highest common divisor of 216 and 243?
27
Calculate the highest common divisor of 106928 and 82.
82
Calculate the greatest common divisor of 77 and 18656.
11
What is the greatest common divisor of 144 and 71464?
8
Calculate the highest common factor of 1314 and 46.
2
What is the greatest common factor of 533 and 2717?
13
What is the highest common divisor of 2344 and 15529?
293
What is the greatest common divisor of 8100 and 5850?
450
What is the highest common divisor of 605880 and 459?
459
Calculate the greatest common divisor of 18304 and 68068.
572
What is the highest common divisor of 21 and 10425?
3
Calculate the greatest common divisor of 190070 and 114500.
2290
Calculate the greatest common factor of 1278 and 20661.
213
What is the greatest common factor of 326645 and 165?
55
What is the greatest common divisor of 30691 and 141?
47
Calculate the greatest common divisor of 16 and 8412.
4
Calculate the highest common factor of 119 and 2387.
7
Calculate the greatest common divisor of 13568 and 2120.
424
Calculate the highest common factor of 43768 and 8.
8
Calculate the greatest common factor of 1035 and 59670.
45
Calculate the greatest common divisor of 1455 and 1255.
5
What is the highest common divisor of 2061 and 5028153?
687
Calculate the highest common factor of 2235 and 358941.
447
Calculate the highest common divisor of 54 and 465588.
54
What is the highest common factor of 552 and 3283089?
69
What is the greatest common factor of 1302 and 46438?
434
Calculate the highest common factor of 768960 and 3115.
445
What is the greatest common factor of 130445 and 35?
35
Calculate the highest common divisor of 51038 and 14647.
151
Calculate the greatest common factor of 98208 and 77.
11
Calculate the highest common factor of 476 and 2464.
28
Calculate the greatest common factor of 2370 and 54194.
158
What is the greatest common factor of 3098249 and 308?
77
Calculate the highest common divisor of 3045 and 3285.
15
What is the greatest common factor of 5258 and 52102?
478
Calculate the greatest common divisor of 1341 and 10579.
149
Calculate the highest common divisor of 48327 and 5611.
181
Calculate the highest common divisor of 392 and 22082144.
392
What is the highest common divisor of 33 and 27247?
11
Calculate the highest common divisor of 817 and 109951.
43
Calculate the greatest common divisor of 812505 and 15.
15
What is the greatest common divisor of 16 and 491224?
8
What is the greatest common divisor of 1638553 and 745?
149
Calculate the highest common divisor of 608 and 31456.
32
What is the highest common factor of 12309 and 2750?
11
What is the greatest common factor of 168 and 87486?
42
Calculate the highest common factor of 48557 and 22302.
59
Calculate the greatest common factor of 17262 and 189.
63
What is the greatest common divisor of 32548 and 553?
79
What is the highest common divisor of 1728 and 111240?
216
What is the greatest common factor of 179193 and 414?
69
Calculate the highest common factor of 44415 and 940.
235
Calculate the greatest common divisor of 28582 and 1178.
62
Calculate the greatest common factor of 1105248 and 48.
48
Calculate the highest common divisor of 578 and 3723.
17
What is the highest common divisor of 396 and 1316988?
36
What is the highest common divisor of 2360276 and 804?
268
Calculate the highest common divisor of 30 and 236490.
30
Calculate the highest common divisor of 328 and 79991.
41
Calculate the greatest common factor of 11151 and 1239.
1239
Calculate the highest common divisor of 40 and 11212.
4
What is the greatest common divisor of 5823 and 612709?
647
Calculate the greatest common factor of 252 and 4823.
7
What is the highest common factor of 9321 and 72417?
717
Calculate the highest common factor of 395048 and 1472.
184
What is the highest common divisor of 27569 and 477379?
1451
What is the highest common factor of 26425 and 2275?
175
What is the highest common factor of 29417 and 2231?
23
Calculate the greatest common divisor of 530 and 144690.
530
What is the greatest common divisor of 184 and 456619?
23
What is the highest common factor of 588 and 69468?
84
Calculate the greatest common factor of 99 and 3685.
11
What is the greatest common factor of 75 and 22965?
15
What is the highest common divisor of 6583 and 2497?
227
What is the greatest common factor of 260 and 15220?
20
Calculate the greatest common divisor of 224815 and 10.
5
What is the highest common factor of 10035 and 36945?
45
Calculate the highest common divisor of 50421 and 5831.
343
Calculate the highest common divisor of 1444131 and 2223.
117
Calculate the greatest common factor of 9 and 7121142.
9
What is the highest common factor of 369 and 20787?
123
Calculate the greatest common factor of 5456 and 6864.
176
Calculate the greatest common factor of 318 and 31062.
6
Calculate the highest common divisor of 637140 and 23247.
861
Calculate the highest common divisor of 319 and 164978.
11
What is the highest common factor of 1085 and 206801?
217
Calculate the greatest common divisor of 710 and 1308814.
142
Calculate the greatest common divisor of 12906 and 1242.
54
Calculate the highest common divisor of 18 and 52296.
6
Calculate the greatest common factor of 400 and 403475.
25
What is the highest common factor of 293813 and 91?
13
What is the highest common divisor of 788 and 11382660?
788
What is the highest common divisor of 13 and 26507?
13
What is the greatest common divisor of 11 and 1257861?
11
What is the highest common factor of 256 and 94592?
128
What is the highest common factor of 776895 and 525?
105
What is the greatest common factor of 56426 and 2848?
178
What is the highest common factor of 1569 and 231689?
523
Calculate the highest common divisor of 4960 and 2418.
62
Calculate the greatest common factor of 2057 and 3485.
17
Calculate the greatest common divisor of 407 and 1374032.
407
What is the highest common factor of 11349 and 18?
9
What is the highest common factor of 258693 and 106?
53
Calculate the highest common factor of 5093 and 3630.
11
What is the greatest common divisor of 99 and 3340161?
99
What is the greatest common divisor of 26379 and 27?
27
Calculate the greatest common divisor of 2700 and 3570300.
900
Calculate the greatest common divisor of 218660 and 10324.
116
What is the highest common factor of 232 and 200?
8
What is the greatest common divisor of 167376 and 4438?
634
What is the greatest common divisor of 13 and 25834003?
13
Calculate the highest common factor of 279303 and 3768.
471
What is the greatest common factor 